{"id":538,"date":"2014-02-17T03:21:54","date_gmt":"2014-02-17T02:21:54","guid":{"rendered":"http:\/\/www.fkschwampel.net\/?page_id=538"},"modified":"2022-08-22T19:15:24","modified_gmt":"2022-08-22T17:15:24","slug":"impressum","status":"publish","type":"page","link":"http:\/\/www.fkschwampel.net\/?page_id=538","title":{"rendered":"Impressum"},"content":{"rendered":"<p><strong>Herausgeber:<\/strong><br \/>\nFK Schwampel<br \/>\nGuts-Muths-Weg 12<br \/>\n70597 Stuttgart<\/p>\n<p><strong>Vertreten z.Zt. durch:<\/strong><br \/>\nJ\u00f6rg Mai (Spielleiter)<\/p>\n<p>E-Mail: info@fkschwampel.de<\/p>\n<p><strong style=\"line-height: 1.5em;\">Webdevelopment\/Webdesign:<br \/>\n<\/strong><a title=\"Goldjunge Grafik &amp; Design\" href=\"http:\/\/gold-junge.com\">Goldjunge Grafik &amp; Design<\/a><\/p>\n<p><strong>Fotos:<br \/>\n<\/strong>FK Schwampel<\/p>\n<p><strong>Rechtlicher Hinweis \/ Copyright:<br \/>\n<\/strong>Alle Grafiken, Bilder, Texte und sonstigen Daten im Umfang dieses Internet-Angebotes sind urheberrechtlich gesch\u00fctzt.<\/p>\n<p>Die Vervielf\u00e4ltigung jeglicher Daten von diesem Internet-Angebot ohne vorherige Zustimmung deFK Schwampel ist untersagt, dies gilt insbesondere f\u00fcr die Vervielf\u00e4ltigung sowie die Speicherung und Bearbeitung in elektronischen Medien.<\/p>\n<p><strong>Haftungshinweis:<br \/>\n<\/strong>Der Herausgeber dieser Seiten kann keinerlei Gew\u00e4hr f\u00fcr die Richtigkeit aller Daten und Angaben \u00fcbernehmen. Ein Rechts- oder Ersatzanspruch aufgrund falscher Darstellungen (soweit sie nicht Ehren- oder Sittenrechte bzw. sonstige Gesetze verletzen) wird hiermit zur\u00fcckgewiesen.<\/p>\n<p>Der Herausgeber weist ausdr\u00fccklich darauf hin, dass f\u00fcr den Inhalt von verlinkten Seiten der jeweilige Betreiber die Verantwortung tr\u00e4gt.<\/p>\n<p><strong>Datenschutz:<\/strong><br \/>\nSie k\u00f6nnen die Webseiten des FK Schwampel grunds\u00e4tzlich besuchen, ohne uns mitzuteilen, wer Sie sind. Wir erfahren nur den Namen Ihres Internet Service Providers, die von Ihrem Browser \u00fcbermittelten Daten und die Webseiten, die Sie bei uns besuchen. Daf\u00fcr verwenden wir das Programm Google Analytics. Diese Informationen werden aber nur zu statistischen Zwecken ausgewertet. Sie bleiben als einzelner Nutzer hierbei anonym.<\/p>\n<p><strong>Kontaktaufnahme:<\/strong><br \/>\nBei Fragen zum FK Schwampel oder zum Inhalt dieser Webseite und deren redaktionellen Angeboten wenden Sie sich bitte an:&nbsp;info@fkschwampel.net<\/p>\n","protected":false},"excerpt":{"rendered":"<p>Herausgeber: FK Schwampel Guts-Muths-Weg 12 70597 Stuttgart Vertreten z.Zt. durch: J\u00f6rg Mai (Spielleiter) E-Mail: info@fkschwampel.de Webdevelopment\/Webdesign: Goldjunge Grafik &amp; Design Fotos: FK Schwampel Rechtlicher Hinweis \/ Copyright: Alle Grafiken, Bilder, Texte und sonstigen Daten im Umfang dieses Internet-Angebotes sind urheberrechtlich gesch\u00fctzt. Die Vervielf\u00e4ltigung jeglicher Daten von diesem Internet-Angebot ohne vorherige Zustimmung deFK Schwampel ist untersagt, [&hellip;]<\/p>\n","protected":false},"author":1,"featured_media":0,"parent":0,"menu_order":34,"comment_status":"closed","ping_status":"open","template":"","meta":{"ngg_post_thumbnail":0},"aioseo_notices":[],"_links":{"self":[{"href":"http:\/\/www.fkschwampel.net\/index.php?rest_route=\/wp\/v2\/pages\/538"}],"collection":[{"href":"http:\/\/www.fkschwampel.net\/index.php?rest_route=\/wp\/v2\/pages"}],"about":[{"href":"http:\/\/www.fkschwampel.net\/index.php?rest_route=\/wp\/v2\/types\/page"}],"author":[{"embeddable":true,"href":"http:\/\/www.fkschwampel.net\/index.php?rest_route=\/wp\/v2\/users\/1"}],"replies":[{"embeddable":true,"href":"http:\/\/www.fkschwampel.net\/index.php?rest_route=%2Fwp%2Fv2%2Fcomments&post=538"}],"version-history":[{"count":5,"href":"http:\/\/www.fkschwampel.net\/index.php?rest_route=\/wp\/v2\/pages\/538\/revisions"}],"predecessor-version":[{"id":4181,"href":"http:\/\/www.fkschwampel.net\/index.php?rest_route=\/wp\/v2\/pages\/538\/revisions\/4181"}],"wp:attachment":[{"href":"http:\/\/www.fkschwampel.net\/index.php?rest_route=%2Fwp%2Fv2%2Fmedia&parent=538"}],"curies":[{"name":"wp","href":"https:\/\/api.w.org\/{rel}","templated":true}]}}