{"id":337,"date":"2014-02-16T11:00:33","date_gmt":"2014-02-16T10:00:33","guid":{"rendered":"http:\/\/www.fkschwampel.net\/?page_id=337"},"modified":"2017-01-22T09:45:05","modified_gmt":"2017-01-22T08:45:05","slug":"bilder-videos","status":"publish","type":"page","link":"http:\/\/www.fkschwampel.net\/?page_id=337","title":{"rendered":"Media"},"content":{"rendered":"<h3><strong>Impressionen aus 10 Jahren FK Schwampel<\/strong><\/h3>\n<p>S\u00e4mtliche Bilder und Videos d\u00fcrfen nicht ohne ausdr\u00fcckliche Genehmigung an anderer Stelle ver\u00f6ffentlicht oder anderweitig verwendet werden!<\/p>\n<h3><strong><br \/>\nFotogalerien<\/strong><\/h3>\n<p><ul class=\"ngg-breadcrumbs\">\n            <li class=\"ngg-breadcrumb\">\n                            2013 \/ FK Schwampel Sommerfest                                <\/li>\n    <\/ul>\n<div class=\"ngg-albumoverview\">\n\n\t<!-- List of galleries -->\n\t\n\t<div class=\"ngg-album-compact\">\n\t\t<div class=\"ngg-album-compactbox\">\n\t\t\t<div class=\"ngg-album-link\">\n                                    <a class=\"Link\" href=\"http:\/\/www.fkschwampel.net\/index.php\/nggallery\/trikothistorie\/trikothistorie?page_id=337\">\n                        <img class=\"Thumb\"\n                             alt=\"Trikothistorie\"\n                             src=\"http:\/\/www.fkschwampel.net\/fks_wp\/wp-content\/gallery\/trikothistorie\/cache\/Fertig-V.1.0_1.jpg-nggid03347-ngg0dyn-91x68-00f0w010c011r110f110r010t010.jpg\"\/>\n                    <\/a>\n                \t\t\t<\/div>\n\t\t<\/div>\n                <h4>\n            <a class=\"ngg-album-desc\"\n               title=\"Trikothistorie\"\n               href=\"http:\/\/www.fkschwampel.net\/index.php\/nggallery\/trikothistorie\/trikothistorie?page_id=337\"\n               style=\"max-width: 111px\">\n                Trikothistorie            <\/a>\n        <\/h4>\n\t\t<p class=\"ngg-album-gallery-image-counter\">\n\t\t\t\t\t\t\t<strong>8<\/strong>&nbsp;Fotos\t\t\t\t\t<\/p>\n\t<\/div>\n\n \t\n\t<div class=\"ngg-album-compact\">\n\t\t<div class=\"ngg-album-compactbox\">\n\t\t\t<div class=\"ngg-album-link\">\n                                    <a class=\"Link\" href=\"http:\/\/www.fkschwampel.net\/index.php\/nggallery\/mannschaftsbilder\/mannschaftsbilder?page_id=337\">\n                        <img class=\"Thumb\"\n                             alt=\"Mannschaftsbilder\"\n                             src=\"http:\/\/www.fkschwampel.net\/fks_wp\/wp-content\/gallery\/mannschaftsbilder\/cache\/Mannschaft-2007.jpg-nggid03364-ngg0dyn-91x68-00f0w010c011r110f110r010t010.jpg\"\/>\n                    <\/a>\n                \t\t\t<\/div>\n\t\t<\/div>\n                <h4>\n            <a class=\"ngg-album-desc\"\n               title=\"Mannschaftsbilder\"\n               href=\"http:\/\/www.fkschwampel.net\/index.php\/nggallery\/mannschaftsbilder\/mannschaftsbilder?page_id=337\"\n               style=\"max-width: 111px\">\n                Mannschaftsbilder            <\/a>\n        <\/h4>\n\t\t<p class=\"ngg-album-gallery-image-counter\">\n\t\t\t\t\t\t\t<strong>8<\/strong>&nbsp;Fotos\t\t\t\t\t<\/p>\n\t<\/div>\n\n \t\n\t<div class=\"ngg-album-compact\">\n\t\t<div class=\"ngg-album-compactbox\">\n\t\t\t<div class=\"ngg-album-link\">\n                                    <a class=\"Link\" href=\"http:\/\/www.fkschwampel.net\/index.php\/nggallery\/2007-glaspalast-sindelfingen\/2007-glaspalast-sindelfingen-2?page_id=337\">\n                        <img class=\"Thumb\"\n                             alt=\"2007 \/ Glaspalast Sindelfingen\"\n                             src=\"http:\/\/www.fkschwampel.net\/fks_wp\/wp-content\/gallery\/2007-glaspalast-sindelfingen-2\/cache\/sindelfingen8.jpg-nggid0261-ngg0dyn-91x68-00f0w010c011r110f110r010t010.jpg\"\/>\n                    <\/a>\n                \t\t\t<\/div>\n\t\t<\/div>\n                <h4>\n            <a class=\"ngg-album-desc\"\n               title=\"2007 \/ Glaspalast Sindelfingen\"\n               href=\"http:\/\/www.fkschwampel.net\/index.php\/nggallery\/2007-glaspalast-sindelfingen\/2007-glaspalast-sindelfingen-2?page_id=337\"\n               style=\"max-width: 111px\">\n                2007 \/ Glaspalast Sindelfingen            <\/a>\n        <\/h4>\n\t\t<p class=\"ngg-album-gallery-image-counter\">\n\t\t\t\t\t\t\t<strong>48<\/strong>&nbsp;Fotos\t\t\t\t\t<\/p>\n\t<\/div>\n\n \t\n\t<div class=\"ngg-album-compact\">\n\t\t<div class=\"ngg-album-compactbox\">\n\t\t\t<div class=\"ngg-album-link\">\n                                    <a class=\"Link\" href=\"http:\/\/www.fkschwampel.net\/index.php\/nggallery\/2010-fks-trainingslager\/2010-fks-trainingslager?page_id=337\">\n                        <img class=\"Thumb\"\n                             alt=\"2009 \/ FKS Trainingslager\"\n                             src=\"http:\/\/www.fkschwampel.net\/fks_wp\/wp-content\/gallery\/2010-fks-trainingslager\/cache\/sdc13686.jpg-nggid0267-ngg0dyn-91x68-00f0w010c011r110f110r010t010.jpg\"\/>\n                    <\/a>\n                \t\t\t<\/div>\n\t\t<\/div>\n                <h4>\n            <a class=\"ngg-album-desc\"\n               title=\"2009 \/ FKS Trainingslager\"\n               href=\"http:\/\/www.fkschwampel.net\/index.php\/nggallery\/2010-fks-trainingslager\/2010-fks-trainingslager?page_id=337\"\n               style=\"max-width: 111px\">\n                2009 \/ FKS Trainingslager            <\/a>\n        <\/h4>\n\t\t<p class=\"ngg-album-gallery-image-counter\">\n\t\t\t\t\t\t\t<strong>10<\/strong>&nbsp;Fotos\t\t\t\t\t<\/p>\n\t<\/div>\n\n \t\n\t<div class=\"ngg-album-compact\">\n\t\t<div class=\"ngg-album-compactbox\">\n\t\t\t<div class=\"ngg-album-link\">\n                                    <a class=\"Link\" href=\"http:\/\/www.fkschwampel.net\/index.php\/nggallery\/2010-blitzturnier-wendlingen\/2010-blitzturnier-wendlingen?page_id=337\">\n                        <img class=\"Thumb\"\n                             alt=\"2010 \/ Blitzturnier Wendlingen\"\n                             src=\"http:\/\/www.fkschwampel.net\/fks_wp\/wp-content\/gallery\/2010-blitzturnier-wendlingen\/cache\/25784_330186216241_197232206241_3736007_4077267_n.jpg-nggid03332-ngg0dyn-91x68-00f0w010c011r110f110r010t010.jpg\"\/>\n                    <\/a>\n                \t\t\t<\/div>\n\t\t<\/div>\n                <h4>\n            <a class=\"ngg-album-desc\"\n               title=\"2010 \/ Blitzturnier Wendlingen\"\n               href=\"http:\/\/www.fkschwampel.net\/index.php\/nggallery\/2010-blitzturnier-wendlingen\/2010-blitzturnier-wendlingen?page_id=337\"\n               style=\"max-width: 111px\">\n                2010 \/ Blitzturnier Wendlingen            <\/a>\n        <\/h4>\n\t\t<p class=\"ngg-album-gallery-image-counter\">\n\t\t\t\t\t\t\t<strong>17<\/strong>&nbsp;Fotos\t\t\t\t\t<\/p>\n\t<\/div>\n\n \t\n\t<div class=\"ngg-album-compact\">\n\t\t<div class=\"ngg-album-compactbox\">\n\t\t\t<div class=\"ngg-album-link\">\n                                    <a class=\"Link\" href=\"http:\/\/www.fkschwampel.net\/index.php\/nggallery\/2011-fks-mannschaftsbilder\/2011-fks-mannschaftsbilder?page_id=337\">\n                        <img class=\"Thumb\"\n                             alt=\"2011 \/ FKS Mannschaftsbilder\"\n                             src=\"http:\/\/www.fkschwampel.net\/fks_wp\/wp-content\/gallery\/2011-fks-mannschaftsbilder\/cache\/1.jpg-nggid0278-ngg0dyn-91x68-00f0w010c011r110f110r010t010.jpg\"\/>\n                    <\/a>\n                \t\t\t<\/div>\n\t\t<\/div>\n                <h4>\n            <a class=\"ngg-album-desc\"\n               title=\"2011 \/ FKS Mannschaftsbilder\"\n               href=\"http:\/\/www.fkschwampel.net\/index.php\/nggallery\/2011-fks-mannschaftsbilder\/2011-fks-mannschaftsbilder?page_id=337\"\n               style=\"max-width: 111px\">\n                2011 \/ FKS Mannschaftsbilder            <\/a>\n        <\/h4>\n\t\t<p class=\"ngg-album-gallery-image-counter\">\n\t\t\t\t\t\t\t<strong>11<\/strong>&nbsp;Fotos\t\t\t\t\t<\/p>\n\t<\/div>\n\n \t\n\t<div class=\"ngg-album-compact\">\n\t\t<div class=\"ngg-album-compactbox\">\n\t\t\t<div class=\"ngg-album-link\">\n                                    <a class=\"Link\" href=\"http:\/\/www.fkschwampel.net\/index.php\/nggallery\/2011-ac-stuttgart-nord-vs-fks\/2011-ac-stuttgart-nord-vs-fks?page_id=337\">\n                        <img class=\"Thumb\"\n                             alt=\"2011 \/ AC Stuttgart Nord vs. FKS\"\n                             src=\"http:\/\/www.fkschwampel.net\/fks_wp\/wp-content\/gallery\/2011_ac_stuttgart_nord\/cache\/DSC_1786.JPG-nggid0248-ngg0dyn-91x68-00f0w010c011r110f110r010t010.JPG\"\/>\n                    <\/a>\n                \t\t\t<\/div>\n\t\t<\/div>\n                <h4>\n            <a class=\"ngg-album-desc\"\n               title=\"2011 \/ AC Stuttgart Nord vs. FKS\"\n               href=\"http:\/\/www.fkschwampel.net\/index.php\/nggallery\/2011-ac-stuttgart-nord-vs-fks\/2011-ac-stuttgart-nord-vs-fks?page_id=337\"\n               style=\"max-width: 111px\">\n                2011 \/ AC Stuttgart Nord vs. FKS            <\/a>\n        <\/h4>\n\t\t<p class=\"ngg-album-gallery-image-counter\">\n\t\t\t\t\t\t\t<strong>16<\/strong>&nbsp;Fotos\t\t\t\t\t<\/p>\n\t<\/div>\n\n \t\n\t<div class=\"ngg-album-compact\">\n\t\t<div class=\"ngg-album-compactbox\">\n\t\t\t<div class=\"ngg-album-link\">\n                                    <a class=\"Link\" href=\"http:\/\/www.fkschwampel.net\/index.php\/nggallery\/2011-torpedo-wuermfeier-vs-fks\/2011-torpedo-wuermfeier-vs-fks?page_id=337\">\n                        <img class=\"Thumb\"\n                             alt=\"2011 \/ Torpedo W\u00fcrmfeier vs. FKS\"\n                             src=\"http:\/\/www.fkschwampel.net\/fks_wp\/wp-content\/gallery\/2011-torpedo-wuermfeier-vs-fks\/cache\/img_4118.jpg-nggid0289-ngg0dyn-91x68-00f0w010c011r110f110r010t010.jpg\"\/>\n                    <\/a>\n                \t\t\t<\/div>\n\t\t<\/div>\n                <h4>\n            <a class=\"ngg-album-desc\"\n               title=\"2011 \/ Torpedo W\u00fcrmfeier vs. FKS\"\n               href=\"http:\/\/www.fkschwampel.net\/index.php\/nggallery\/2011-torpedo-wuermfeier-vs-fks\/2011-torpedo-wuermfeier-vs-fks?page_id=337\"\n               style=\"max-width: 111px\">\n                2011 \/ Torpedo W\u00fcrmfeier vs. FKS            <\/a>\n        <\/h4>\n\t\t<p class=\"ngg-album-gallery-image-counter\">\n\t\t\t\t\t\t\t<strong>9<\/strong>&nbsp;Fotos\t\t\t\t\t<\/p>\n\t<\/div>\n\n \t\n\t<div class=\"ngg-album-compact\">\n\t\t<div class=\"ngg-album-compactbox\">\n\t\t\t<div class=\"ngg-album-link\">\n                                    <a class=\"Link\" href=\"http:\/\/www.fkschwampel.net\/index.php\/nggallery\/2012-torpedo-wuermfeier-vs-fks\/2012-torpedo-wuermfeier-vs-fks?page_id=337\">\n                        <img class=\"Thumb\"\n                             alt=\"2012 \/ Torpedo W\u00fcrmfeier vs. FKS\"\n                             src=\"http:\/\/www.fkschwampel.net\/fks_wp\/wp-content\/gallery\/2012-torpedo-wuermfeier-vs-fks\/cache\/1.jpg-nggid0298-ngg0dyn-91x68-00f0w010c011r110f110r010t010.jpg\"\/>\n                    <\/a>\n                \t\t\t<\/div>\n\t\t<\/div>\n                <h4>\n            <a class=\"ngg-album-desc\"\n               title=\"2012 \/ Torpedo W\u00fcrmfeier vs. FKS\"\n               href=\"http:\/\/www.fkschwampel.net\/index.php\/nggallery\/2012-torpedo-wuermfeier-vs-fks\/2012-torpedo-wuermfeier-vs-fks?page_id=337\"\n               style=\"max-width: 111px\">\n                2012 \/ Torpedo W\u00fcrmfeier vs. FKS            <\/a>\n        <\/h4>\n\t\t<p class=\"ngg-album-gallery-image-counter\">\n\t\t\t\t\t\t\t<strong>16<\/strong>&nbsp;Fotos\t\t\t\t\t<\/p>\n\t<\/div>\n\n \t\n\t<div class=\"ngg-album-compact\">\n\t\t<div class=\"ngg-album-compactbox\">\n\t\t\t<div class=\"ngg-album-link\">\n                                    <a class=\"Link\" href=\"http:\/\/www.fkschwampel.net\/index.php\/nggallery\/2013-fks-sommerfest\/2013-fk-schwampel-sommerfest?page_id=337\">\n                        <img class=\"Thumb\"\n                             alt=\"2013 \/ FK Schwampel Sommerfest\"\n                             src=\"http:\/\/www.fkschwampel.net\/fks_wp\/wp-content\/gallery\/archiv\/cache\/DSC_6073.JPG-nggid0243-ngg0dyn-91x68-00f0w010c011r110f110r010t010.JPG\"\/>\n                    <\/a>\n                \t\t\t<\/div>\n\t\t<\/div>\n                <h4>\n            <a class=\"ngg-album-desc\"\n               title=\"2013 \/ FK Schwampel Sommerfest\"\n               href=\"http:\/\/www.fkschwampel.net\/index.php\/nggallery\/2013-fks-sommerfest\/2013-fk-schwampel-sommerfest?page_id=337\"\n               style=\"max-width: 111px\">\n                2013 \/ FK Schwampel Sommerfest            <\/a>\n        <\/h4>\n\t\t<p class=\"ngg-album-gallery-image-counter\">\n\t\t\t\t\t\t\t<strong>22<\/strong>&nbsp;Fotos\t\t\t\t\t<\/p>\n\t<\/div>\n\n \t\n\t<div class=\"ngg-album-compact\">\n\t\t<div class=\"ngg-album-compactbox\">\n\t\t\t<div class=\"ngg-album-link\">\n                                    <a class=\"Link\" href=\"http:\/\/www.fkschwampel.net\/?page_id=2003\">\n                        <img class=\"Thumb\"\n                             alt=\"2014 \/ Weil im Sch\u00f6nbuch\"\n                             src=\"http:\/\/www.fkschwampel.net\/fks_wp\/wp-content\/gallery\/2014-weil-im-schoenbuch\/cache\/DSC00586.jpg-nggid03221-ngg0dyn-91x68-00f0w010c011r110f110r010t010.jpg\"\/>\n                    <\/a>\n                \t\t\t<\/div>\n\t\t<\/div>\n                <h4>\n            <a class=\"ngg-album-desc\"\n               title=\"2014 \/ Weil im Sch\u00f6nbuch\"\n               href=\"http:\/\/www.fkschwampel.net\/?page_id=2003\"\n               style=\"max-width: 111px\">\n                2014 \/ Weil im Sch\u00f6nbuch            <\/a>\n        <\/h4>\n\t\t<p class=\"ngg-album-gallery-image-counter\">\n\t\t\t\t\t\t\t<strong>53<\/strong>&nbsp;Fotos\t\t\t\t\t<\/p>\n\t<\/div>\n\n \t\n\t<div class=\"ngg-album-compact\">\n\t\t<div class=\"ngg-album-compactbox\">\n\t\t\t<div class=\"ngg-album-link\">\n                                    <a class=\"Link\" href=\"http:\/\/www.fkschwampel.net\/index.php\/nggallery\/2014-fks-sommerfest\/2014-fks-sommerfest?page_id=337\">\n                        <img class=\"Thumb\"\n                             alt=\"2014 \/ FKS Sommerfest\"\n                             src=\"http:\/\/www.fkschwampel.net\/fks_wp\/wp-content\/gallery\/2014-fks-sommerfest\/cache\/10580108_10203188792653759_3977730424619047501_n.jpg-nggid03318-ngg0dyn-91x68-00f0w010c011r110f110r010t010.jpg\"\/>\n                    <\/a>\n                \t\t\t<\/div>\n\t\t<\/div>\n                <h4>\n            <a class=\"ngg-album-desc\"\n               title=\"2014 \/ FKS Sommerfest\"\n               href=\"http:\/\/www.fkschwampel.net\/index.php\/nggallery\/2014-fks-sommerfest\/2014-fks-sommerfest?page_id=337\"\n               style=\"max-width: 111px\">\n                2014 \/ FKS Sommerfest            <\/a>\n        <\/h4>\n\t\t<p class=\"ngg-album-gallery-image-counter\">\n\t\t\t\t\t\t\t<strong>35<\/strong>&nbsp;Fotos\t\t\t\t\t<\/p>\n\t<\/div>\n\n \t\n\t<div class=\"ngg-album-compact\">\n\t\t<div class=\"ngg-album-compactbox\">\n\t\t\t<div class=\"ngg-album-link\">\n                                    <a class=\"Link\" href=\"http:\/\/www.fkschwampel.net\/index.php\/nggallery\/2014-weihnachtsfeier\/2014-weihnachtsfeier?page_id=337\">\n                        <img class=\"Thumb\"\n                             alt=\"2014 \/ Weihnachtsfeier\"\n                             src=\"http:\/\/www.fkschwampel.net\/fks_wp\/wp-content\/gallery\/2014-weihnachtsfeier\/cache\/Awardsgewinner.jpg-nggid03264-ngg0dyn-91x68-00f0w010c011r110f110r010t010.jpg\"\/>\n                    <\/a>\n                \t\t\t<\/div>\n\t\t<\/div>\n                <h4>\n            <a class=\"ngg-album-desc\"\n               title=\"2014 \/ Weihnachtsfeier\"\n               href=\"http:\/\/www.fkschwampel.net\/index.php\/nggallery\/2014-weihnachtsfeier\/2014-weihnachtsfeier?page_id=337\"\n               style=\"max-width: 111px\">\n                2014 \/ Weihnachtsfeier            <\/a>\n        <\/h4>\n\t\t<p class=\"ngg-album-gallery-image-counter\">\n\t\t\t\t\t\t\t<strong>22<\/strong>&nbsp;Fotos\t\t\t\t\t<\/p>\n\t<\/div>\n\n \t\n\t<!-- Pagination -->\n    <br class=\"ngg-clear\"\/>\n \t<div class='ngg-clear'><\/div><\/div>\n\n<\/p>\n<p><a title=\"Zur\u00fcck zur \u00dcbersicht\" href=\"http:\/\/www.fkschwampel.net\/?page_id=337\">Zur\u00fcck zur \u00dcbersicht<\/a><\/p>\n<h3><strong><br \/>\nVideos<\/strong><\/h3>\n<p>Die Ehrenrunde im Sindelfinger Glaspalast 2007 oder der erste Sieg in der WFV Freizeitliga 2011, der FKS hat schon viele Geschichten geschrieben und mit Sicherheit werden weitere folgen!<\/p>\n<p><iframe loading=\"lazy\" src=\"\/\/www.youtube.com\/embed\/jBRczto-g4k\" allowfullscreen=\"allowfullscreen\" width=\"235\" height=\"176\" frameborder=\"0\"><\/iframe>&nbsp; &nbsp;<iframe loading=\"lazy\" src=\"\/\/www.youtube.com\/embed\/tdZX5s573l8\" allowfullscreen=\"allowfullscreen\" width=\"235\" height=\"176\" frameborder=\"0\"><\/iframe><\/p>\n","protected":false},"excerpt":{"rendered":"<p>Impressionen aus 10 Jahren FK Schwampel S\u00e4mtliche Bilder und Videos d\u00fcrfen nicht ohne ausdr\u00fcckliche Genehmigung an anderer Stelle ver\u00f6ffentlicht oder anderweitig verwendet werden! Fotogalerien 2013 \/ FK Schwampel Sommerfest Trikothistorie 8&nbsp;Fotos Mannschaftsbilder 8&nbsp;Fotos 2007 \/ Glaspalast Sindelfingen 48&nbsp;Fotos 2009 \/ FKS Trainingslager 10&nbsp;Fotos 2010 \/ Blitzturnier Wendlingen 17&nbsp;Fotos 2011 \/ FKS Mannschaftsbilder 11&nbsp;Fotos 2011 \/ [&hellip;]<\/p>\n","protected":false},"author":1,"featured_media":0,"parent":0,"menu_order":29,"comment_status":"closed","ping_status":"closed","template":"","meta":{"ngg_post_thumbnail":0},"aioseo_notices":[],"_links":{"self":[{"href":"http:\/\/www.fkschwampel.net\/index.php?rest_route=\/wp\/v2\/pages\/337"}],"collection":[{"href":"http:\/\/www.fkschwampel.net\/index.php?rest_route=\/wp\/v2\/pages"}],"about":[{"href":"http:\/\/www.fkschwampel.net\/index.php?rest_route=\/wp\/v2\/types\/page"}],"author":[{"embeddable":true,"href":"http:\/\/www.fkschwampel.net\/index.php?rest_route=\/wp\/v2\/users\/1"}],"replies":[{"embeddable":true,"href":"http:\/\/www.fkschwampel.net\/index.php?rest_route=%2Fwp%2Fv2%2Fcomments&post=337"}],"version-history":[{"count":60,"href":"http:\/\/www.fkschwampel.net\/index.php?rest_route=\/wp\/v2\/pages\/337\/revisions"}],"predecessor-version":[{"id":3222,"href":"http:\/\/www.fkschwampel.net\/index.php?rest_route=\/wp\/v2\/pages\/337\/revisions\/3222"}],"wp:attachment":[{"href":"http:\/\/www.fkschwampel.net\/index.php?rest_route=%2Fwp%2Fv2%2Fmedia&parent=337"}],"curies":[{"name":"wp","href":"https:\/\/api.w.org\/{rel}","templated":true}]}}